mmon factor of 48 and c?
24
Let q be (-2)/(-3) + (-2821)/(-1209). Calculate the greatest common divisor of q and 479.
1
Suppose 0 = -91*i - 56*i + 5261 + 8116. Calculate the highest common divisor of 35 and i.
7
Suppose 89*y - 6*y - 115571 - 100312 = 0. What is the highest common factor of 204 and y?
51
Suppose 4*l - 16 + 24 = 0. Let z be ((-15)/2)/(l/4). Let h be -2 + 4/(-2) + 7. What is the highest common factor of z and h?
3
Let y = -143 + 156. Suppose -y*l - 9*l + 286 = 0. What is the highest common factor of 117 and l?
13
Let i be ((-24)/(-14))/((-34)/(-119)). Let x(j) = 46*j - 100. Let g be x(i). Calculate the highest common divisor of g and 24.
8
Let q(n) = -2*n**2 - 84*n - 53. Let v(b) = b**2 + 19*b + 19. Let z be v(-15). Let o be q(z). Calculate the greatest common divisor of 1189 and o.
29
Suppose -1631 = -18*w - 6*w + 3769. Calculate the greatest common divisor of 3285 and w.
45
Let o be (52/(-10))/(4/(-20)). Suppose 0 = 7*x - 4*x + 3, -5*g + x = -o. Suppose -2*i + 0*i = -10. What is the highest common factor of i and g?
5
Suppose 5*f + h - 96 = 0, 0 = f - 11*h + 12*h - 16. What is the highest common divisor of f and 1052?
4
Let o = -21242 - -21250. What is the greatest common factor of o and 11624?
8
Let y be (-6480)/(-2970)*(-440)/(-6). What is the highest common divisor of y and 7920?
80
Suppose 12*v - 3861 = -2*v - 781. What is the greatest common factor of 2948 and v?
44
Let t = 22 + 5. Suppose z + 66 = -155. Let y be -1*(1 + z) - (1 + 3). Calculate the highest common divisor of t and y.
27
Let l(o) = o**2 + 40*o + 295. Let q be l(-30). Let s(a) = 2*a**3 + 13*a**2 + 9*a - 6. Let t be s(q). What is the greatest common divisor of 84 and t?
12
Let s = -69 + 72. Let v be 1 - 87/(1 - 2). Let z be -1 + (-5)/((-20)/v). What is the highest common factor of z and s?
3
Let l(q) = 11*q - 78. Let p be (-53)/(-6) - (-12)/72. Let n be l(p). Calculate the highest common factor of 63 and n.
21
Suppose 7056*r + 4977 = 7135*r. What is the greatest common divisor of 12243 and r?
21
Suppose -2*m - 10 = -5*y, -5*y + m + 35 = 4*m. Suppose 142 = 4*l - 2. Suppose 2*o - y = l. What is the greatest common divisor of 5 and o?
5
Let g be (14 - 1 - 1)*(9 + -8). Suppose -355 = -16*m + 29. Calculate the highest common divisor of g and m.
12
Let n(y) = 10 + 43 + y + 11 - 6. Let i be n(-12). Suppose -3*o = o - 276. Calculate the highest common divisor of i and o.
23
Suppose 11 = -2*i - 5*x, 2*i - 5*x = -0*i + 19. Let n(y) = 104*y**2 - 10*y + 22. Let z be n(i). What is the highest common divisor of z and 44?
22
Let m(n) = 10*n + 2. Let i be m(1). Suppose -6*r + i = -3*r, 62 = -f + 3*r. Let d = f - -104. Calculate the greatest common factor of d and 18.
18
Let h be (480/(-576))/((-10)/126)*(0 + 14). Calculate the greatest common divisor of 12 and h.
3
Let v(z) = 11*z + 81. Let i be v(19). Let u(l) = -39*l - 282. Let n be u(-8). What is the greatest common divisor of i and n?
10
Suppose 42*w = -47*w + 35*w + 3564. Calculate the greatest common factor of 1023 and w.
33
Let c(a) = -14 - 6*a + 0*a**2 + 40 + 14*a + a**2. Let d be c(-6). Calculate the highest common factor of 2 and d.
2
Let q = -984 - -1554. Suppose -76 - 28 = -m - 4*p, 5*p + q = 5*m. What is the greatest common divisor of m and 28?
28
Suppose 0*d - h - 11 = -2*d, 0 = -5*d + 5*h + 35. Let m = d - -20. What is the greatest common divisor of 12 and m?
12
Let n = 2553 - 1248. Suppose -18*s - 5*u = -13*s - n, 0 = -4*u + 8. What is the highest common divisor of 74 and s?
37
Suppose 1668*o - 830*o - 830*o = 77056. What is the highest common divisor of o and 8?
8
Let r(a) = 26*a**2 - 3*a - 8. Let k be r(5). Let j = k + -391. Let y = j - 83. Calculate the greatest common divisor of 17 and y.
17
Let i(z) = -13*z - 43. Let n be i(-3). Let h be 4 - (-44 - (n - -4)/(-3)). Calculate the highest common divisor of h and 24.
24
Let v = -367 - -516. Let b = v - -28. Suppose 0 = -4*c + c + b. What is the greatest common factor of 413 and c?
59
Let y be 728/130 - 3/(-15)*-3. Suppose f - 4*a = 739, y*f + 29*a - 3759 = 33*a. What is the greatest common factor of f and 5?
5
Let i be -1 + 90 + (-12 - -14). Suppose -3*l = -301 + i. Let t be (l/(-14))/((-1)/2). Calculate the greatest common divisor of t and 10.
10
Suppose -36 = 4*i - 7*i. Suppose -3*m + i + 12 = 0. Let j be (-1*m)/(-2) + 59. What is the highest common factor of j and 7?
7
Suppose 0 = 124*r + 20 - 1136. Calculate the highest common factor of 2763 and r.
9
Let f be 56/(-7) - 3 - -1823. Calculate the highest common divisor of f and 36.
12
Let r be 17/(8/(-1160)*-5). Let i = 158 - 129. Calculate the highest common divisor of r and i.
29
Let l = -260 - -271. Suppose -5*s + 3*n + 63 = 20, 2 = 2*s - 5*n. Calculate the highest common divisor of s and l.
11
Let q be (-725)/195*-3 + 4/(-26). Suppose 4*d = f + 68, -13*f + 80 = 4*d - q*f. Calculate the greatest common factor of d and 6.
6
Let q(z) = 5*z**2 - 13*z - 2. Let h be q(4). Suppose h*r - 32*r + 264 = 0. What is the greatest common factor of r and 4?
4
Suppose -25 = -4*j + b, 4*b + 8 = -j - 7. Calculate the greatest common factor of 78 and j.
1
Suppose -22*v - 3805 = -11725. Calculate the highest common divisor of 405 and v.
45
Let c(m) = 35*m**2 - 6*m - 17. Let q be c(2). What is the greatest common divisor of q and 1369?
37
Let w be 2/(-2)*(-168)/(-48)*-54. Calculate the greatest common divisor of w and 1743.
21
Let i = 10050 + -9786. Calculate the highest common factor of i and 11176.
88
Let j = 9532 - 9452. Calculate the greatest common factor of 120 and j.
40
Let f(y) = -y**3 - 15*y**2 + 320*y + 12. Let j be f(-27). What is the highest common factor of j and 4170?
30
Let n be 6/12*(-144)/(-2). Suppose -17759 = -26*w + 20617. Calculate the highest common factor of w and n.
36
Let m = -48 - -57. Suppose 10*n - m*n = -1. Let a be n/(4 + 125/(-30)). What is the greatest common divisor of 6 and a?
6
Let n(a) = -29*a**3 + a**2 - 6*a - 8. Let w be n(-2). Let j(i) = -49*i - 1. Let v be j(-1). What is the greatest common divisor of v and w?
48
Suppose -m = -4 - 14. Suppose -t = 3, -2*a + 17*t = m*t - 69. Calculate the highest common divisor of 4 and a.
4
Let p = 74 - 260. Let a = 266 + p. Calculate the highest common factor of 20 and a.
20
Suppose -m - 2*d = -6910, 3*d = -2*m + 3187 + 10634. Calculate the greatest common factor of m and 128.
128
Let v be 188 - ((19 - 9)*-1 - -6). What is the highest common factor of v and 464?
16
Suppose 13 = 3*z + 1. Suppose 110 = -9*h + z*h. Let f be (-20)/(-110) - 1756/h. Calculate the highest common divisor of f and 16.
16
Let k(h) = 19*h**2 + 3*h - 10. Let x be k(4). Suppose -5*d = x + 19. Let o = d + 155. What is the highest common factor of o and 60?
30
Suppose 5*j - 30 = -0*u - 5*u, u - 4 = j. Let g(p) = 98*p + 6 - 6 - 92*p. Let i be g(u). Calculate the highest common factor of 330 and i.
30
Suppose 2*x + 23*i - 625 = 24*i, -5*x + 1540 = 2*i. Let r = x + -295. Calculate the greatest common factor of 885 and r.
15
Suppose 0 = -2*d - 3*t + 699, -89*t + 91*t = 4*d - 1438. Calculate the greatest common divisor of 63 and d.
21
Suppose 27 = w + 3*v, 563*w + 45 = 565*w - 3*v. Calculate the greatest common factor of 680 and w.
8
Let k = 45 - 41. Let s be (k/2 - 0) + (6 - 6). Suppose 2*o + 3*o - 40 = -s*i, -50 = -3*i - 5*o. What is the greatest common factor of 20 and i?
10
Let u(q) = -q**2 + 6*q + 30. Let v be u(8). Suppose t - 2*p + 1 - v = 0, -5*t - 5*p = -110. Calculate the greatest common factor of t and 513.
19
Suppose 5*m + 2*s - 1399 = 0, 684 - 107 = 2*m - 5*s. Suppose -5*q + m = -269. Calculate the highest common divisor of 22 and q.
22
Suppose x + 2*k - 119 = 0, -27*x = -32*x + k + 617. Suppose 2*n - 209 - x = -2*y, -5*n + 10 = 0. What is the greatest common factor of 4 and y?
4
Let q(f) = 2*f**2 + 65*f - 565. Let o be q(-41). Calculate the highest common divisor of o and 96.
12
Suppose 3164 = 4*q + 4*b + 992, 0 = 4*q - 4*b - 2164. Calculate the highest common divisor of 2 and q.
2
Suppose -3*b = -4*w - 177 - 31, 5*w + 206 = 3*b. Suppose -129 = -4*a - 3*h, h + h = a - 24. Calculate the highest common factor of a and b.
6
Let u be (-260)/(-3) - (-6)/(-9). Let g be 7 + (-231 - -3)/(-4). Suppose -73*y + 1935 = -g*y. What is the greatest common factor of y and u?
43
Let m(h